{"id":18,"date":"2026-04-15T13:55:18","date_gmt":"2026-04-15T06:55:18","guid":{"rendered":"https:\/\/go99casino.com\/?page_id=18"},"modified":"2026-04-15T13:59:56","modified_gmt":"2026-04-15T06:59:56","slug":"go99-link-dang-ky-go99-com-chinh-thuc-nhan-khuyen-mai-khung","status":"publish","type":"page","link":"https:\/\/go99casino.com\/","title":{"rendered":"GO99 &#8211; Link \u0110\u0103ng K\u00fd GO99.Com Ch\u00ednh Th\u1ee9c Nh\u1eadn Khuy\u1ebfn M\u00e3i Kh\u1ee7ng"},"content":{"rendered":"<div class=\"slider-wrapper relative\" id=\"slider-292314395\" >\n    <div class=\"slider slider-nav-circle slider-nav-large slider-nav-light slider-style-normal\"\n        data-flickity-options='{\n            \"cellAlign\": \"center\",\n            \"imagesLoaded\": true,\n            \"lazyLoad\": 1,\n            \"freeScroll\": false,\n            \"wrapAround\": true,\n            \"autoPlay\": 5000,\n            \"pauseAutoPlayOnHover\" : true,\n            \"prevNextButtons\": true,\n            \"contain\" : true,\n            \"adaptiveHeight\" : true,\n            \"dragThreshold\" : 10,\n            \"percentPosition\": true,\n            \"pageDots\": true,\n            \"rightToLeft\": false,\n            \"draggable\": true,\n            \"selectedAttraction\": 0.1,\n            \"parallax\" : 0,\n            \"friction\": 0.6        }'\n        >\n        \n\t<div class=\"img has-hover x md-x lg-x y md-y lg-y\" id=\"image_2005966426\">\n\t\t\t\t\t\t\t\t<div class=\"img-inner dark\" >\n\t\t\t<img loading=\"lazy\" decoding=\"async\" width=\"1900\" height=\"600\" src=\"https:\/\/go99casino.com\/wp-content\/uploads\/2026\/04\/G099_BANNER-1.webp\" class=\"attachment-original size-original\" alt=\"G099_BANNER 1\" srcset=\"https:\/\/go99casino.com\/wp-content\/uploads\/2026\/04\/G099_BANNER-1.webp 1900w, https:\/\/go99casino.com\/wp-content\/uploads\/2026\/04\/G099_BANNER-1-300x95.webp 300w, https:\/\/go99casino.com\/wp-content\/uploads\/2026\/04\/G099_BANNER-1-1024x323.webp 1024w, https:\/\/go99casino.com\/wp-content\/uploads\/2026\/04\/G099_BANNER-1-768x243.webp 768w, https:\/\/go99casino.com\/wp-content\/uploads\/2026\/04\/G099_BANNER-1-1536x485.webp 1536w\" sizes=\"auto, (max-width: 1900px) 100vw, 1900px\" \/>\t\t\t\t\t\t\n\t\t\t\t\t<\/div>\n\t\t\t\t\t\t\t\t\n<style>\n#image_2005966426 {\n  width: 100%;\n}\n<\/style>\n\t<\/div>\n\t\n\t<div class=\"img has-hover x md-x lg-x y md-y lg-y\" id=\"image_1609355356\">\n\t\t\t\t\t\t\t\t<div class=\"img-inner dark\" >\n\t\t\t<img loading=\"lazy\" decoding=\"async\" width=\"1900\" height=\"600\" src=\"https:\/\/go99casino.com\/wp-content\/uploads\/2026\/04\/G099_BANNER-2.webp\" class=\"attachment-original size-original\" alt=\"G099_BANNER 2\" srcset=\"https:\/\/go99casino.com\/wp-content\/uploads\/2026\/04\/G099_BANNER-2.webp 1900w, https:\/\/go99casino.com\/wp-content\/uploads\/2026\/04\/G099_BANNER-2-300x95.webp 300w, https:\/\/go99casino.com\/wp-content\/uploads\/2026\/04\/G099_BANNER-2-1024x323.webp 1024w, https:\/\/go99casino.com\/wp-content\/uploads\/2026\/04\/G099_BANNER-2-768x243.webp 768w, https:\/\/go99casino.com\/wp-content\/uploads\/2026\/04\/G099_BANNER-2-1536x485.webp 1536w\" sizes=\"auto, (max-width: 1900px) 100vw, 1900px\" \/>\t\t\t\t\t\t\n\t\t\t\t\t<\/div>\n\t\t\t\t\t\t\t\t\n<style>\n#image_1609355356 {\n  width: 100%;\n}\n<\/style>\n\t<\/div>\n\t\n     <\/div>\n\n     <div class=\"loading-spin dark large centered\"><\/div>\n\n\t<\/div>\n\n\n","protected":false},"excerpt":{"rendered":"","protected":false},"author":1,"featured_media":0,"parent":0,"menu_order":0,"comment_status":"closed","ping_status":"closed","template":"","meta":{"footnotes":""},"class_list":["post-18","page","type-page","status-publish","hentry"],"_links":{"self":[{"href":"https:\/\/go99casino.com\/index.php\/wp-json\/wp\/v2\/pages\/18","targetHints":{"allow":["GET"]}}],"collection":[{"href":"https:\/\/go99casino.com\/index.php\/wp-json\/wp\/v2\/pages"}],"about":[{"href":"https:\/\/go99casino.com\/index.php\/wp-json\/wp\/v2\/types\/page"}],"author":[{"embeddable":true,"href":"https:\/\/go99casino.com\/index.php\/wp-json\/wp\/v2\/users\/1"}],"replies":[{"embeddable":true,"href":"https:\/\/go99casino.com\/index.php\/wp-json\/wp\/v2\/comments?post=18"}],"version-history":[{"count":3,"href":"https:\/\/go99casino.com\/index.php\/wp-json\/wp\/v2\/pages\/18\/revisions"}],"predecessor-version":[{"id":26,"href":"https:\/\/go99casino.com\/index.php\/wp-json\/wp\/v2\/pages\/18\/revisions\/26"}],"wp:attachment":[{"href":"https:\/\/go99casino.com\/index.php\/wp-json\/wp\/v2\/media?parent=18"}],"curies":[{"name":"wp","href":"https:\/\/api.w.org\/{rel}","templated":true}]}}